se 12.
24807
ab (base 13) to base 11
119
Convert 20a59 (base 13) to base 2.
1110011000000110
What is -2554 (base 9) in base 10?
-1912
What is 7441 (base 8) in base 4?
330201
What is -20887 (base 13) in base 14?
-174c9
Convert 443311 (base 5) to base 6.
155320
What is 277 (base 8) in base 10?
191
-2411 (base 7) to base 6
-4042
What is -2a34 (base 13) in base 6?
-44211
What is 263b (base 12) in base 14?
183d
1e9 (base 16) to base 13
2b8
1123300 (base 4) to base 5
141442
Convert -78bb (base 12) to base 16.
-344f
Convert -5034 (base 16) to base 14.
-76a8
What is 1b57 (base 13) in base 6?
31040
What is -1ab (base 13) in base 16?
-136
1042 (base 7) to base 15
19d
-362 (base 14) to base 7
-1652
What is 819 (base 12) in base 15?
533
51 (base 8) to base 12
35
22b (base 12) to base 6
1255
What is -375b (base 13) in base 12?
-4662
ca3b (base 13) to base 14
a356
What is -13325 (base 6) in base 10?
-2069
What is -231552 (base 6) in base 4?
-10312130
What is -276 (base 16) in base 9?
-770
235155 (base 7) to base 12
207b9
What is 2bc5 (base 14) in base 5?
222232
What is -36120 (base 7) in base 10?
-9324
-8378 (base 15) to base 11
-19972
34422 (base 6) to base 5
124120
40b (base 13) to base 4
22233
What is -30514 (base 6) in base 8?
-7756
What is -1416 (base 9) in base 16?
-42c
13159 (base 10) to base 16
3367
2442 (base 6) to base 3
211022
What is 212 (base 4) in base 5?
123
What is 190 (base 11) in base 3?
22011
What is -164615 (base 7) in base 6?
-412135
3053 (base 8) to base 9
2144
-3011021 (base 4) to base 11
-9530
3727 (base 16) to base 10
14119
-e5 (base 16) to base 7
-445
Convert bb4 (base 14) to base 5.
33224
-2d7 (base 15) to base 5
-10102
Convert -190 (base 12) to base 8.
-374
110010110010 (base 2) to base 5
101000
What is cca9 (base 14) in base 5?
2113204
Convert -1024 (base 6) to base 10.
-232
Convert -66346 (base 7) to base 4.
-10010011
Convert 40b (base 14) to base 6.
3403
What is 62a (base 13) in base 12?
736
838 (base 9) to base 6
3055
-1433 (base 13) to base 6
-21255
What is 18995 (base 14) in base 4?
33030313
What is -67 (base 9) in base 8?
-75
Convert -590 (base 10) to base 7.
-1502
What is -401 (base 5) in base 2?
-1100101
What is 197 (base 14) in base 2?
101001001
Convert 4602 (base 16) to base 4.
10120002
What is 100000110101 (base 2) in base 4?
200311
What is -49ac (base 14) in base 7?
-52405
-12c36 (base 14) to base 4
-23103200
What is 38a3 (base 13) in base 12?
4810
1241 (base 6) to base 4
10321
Convert -112f (base 16) to base 4.
-1010233
10 (base 14) to base 6
22
10f (base 16) to base 4
10033
Convert 2533 (base 6) to base 4.
21321
Convert 3312 (base 5) to base 6.
2041
-4354 (base 9) to base 7
-12232
What is -26173 (base 10) in base 12?
-13191
What is -7716 (base 11) in base 10?
-10181
Convert -4189 (base 16) to base 12.
-9861
-152 (base 9) to base 12
-a8
Convert 1ba9 (base 15) to base 12.
3589
-218 (base 13) to base 11
-2a7
Convert 53463 (base 9) to base 12.
18579
What is 5097 (base 11) in base 10?
6761
895 (base 11) to base 7
3061
Convert -92a (base 16) to base 11.
-1843
What is -2e5 (base 16) in base 10?
-741
6d (base 16) to base 15
74
What is -100110111001011 (base 2) in base 8?
-46713
What is -87a (base 11) in base 14?
-555
What is -3727 (base 11) in base 16?
-1305
Convert 14353 (base 6) to base 3.
10011020
-410304 (base 5) to base 8
-31624
What is -3126 (base 7) in base 5?
-13343
817 (base 13) to base 8
2534
Convert -1236 (base 12) to base 16.
-80a
Convert 304662 (base 7) to base 14.
14dd9
2532 (base 6) to base 12
448
Convert 1177 (base 12) to base 11.
1525
What is 322 (base 12) in base 13?
293
323010 (base 5) to base 2
10101011111101
330152 (base 6) to base 13
c55a
What is -1110011011 (base 2) in base 4?
-32123
Convert -2a97 (base 12) to base 8.
-11623
-100011101110 (base 2) to base 7
-6444
Convert -120104 (base 5) to base 7.
-15561
What is 358 (base 12) in base 3?
200112
Convert -2110212 (base 3) to base 13.
-a8b
What is -111101111010 (base 2) in base 5?
-111322
Convert -797 (base 15) to base 13.
-a21
What is -1ab2a (base 14) in base 5?
-4134200
Convert 10111001 (base 2) to base 8.
271
607 (base 8) to base 10
391
Convert -51200 (base 6) to base 2.
-1101001110000
-155 (base 15) to base 6
-1225
-13d (base 16) to base 8
-475
What is 1065 (base 7) in base 3?
112110
Convert -10010010100010 (base 2) to base 3.
-110212100
Convert -843 (base 14) to base 6.
-11311
Convert -16438 (base 10) to base 5.
-1011223
-731 (base 10) to base 13
-443
-20011 (base 5) to base 15
-58b
1250 (base 7) to base 13
2a8
What is -517 (base 14) in base 16?
-3e9
Convert -42 (base 14) to base 5.
-213
Convert -32e (base 15) to base 16.
-2cf
-3cd (base 14) to base 10
-769
-5214 (base 12) to base 2
-10001011110000
Convert 11100100111110 (base 2) to base 4.
3210332
What is 2211222 (base 3) in base 11?
161a
Convert -4809 (base 11) to base 15.
-1d01
What is 1010111111111 (base 2) in base 10?
5631
Convert -731 (base 15) to base 5.
-22441
-1a38 (base 15) to base 2
-1011000101110
What is -755 (base 12) in base 11?
-896
Convert 6404 (base 10) to base 6.
45352
984 (base 12) to base 8
2564
What is 103031 (base 5) in base 7?
13152
Convert 19b6 (base 12) to base 16.
c5a
a91 (base 12) to base 3
2010101
Convert -4824 (base 12) to base 14.
-2d40
1142 (base 7) to base 13
266
Convert 231413 (base 6) to base 16.
4d61
4089 (base 16) to base 5
1012041
Convert f8b (base 16) to base 13.
1a71
Convert 412511 (base 6) to base 8.
100373
Convert 21022111 (base 3) to base 14.
1d2c
4bdb (base 14) to base 2
11010000001101
What is -165 (base 15) in base 9?
-385
-11010 (base 3) to base 9
-133
Convert -3480 (base 14) to base 16.
-23a8
What is -11b (base 13) in base 12?
-141
What is 31332 (base 7) in base 5?
221331
Convert -245104 (base 6) to base 2.
-101010101100000
-2205 (base 6) to base 11
-423
What is 123303 (base 4) in base 7?
5121
Convert 1353 (base 7) to base 16.
210
-101161 (base 7) to base 14
-63d8
Convert 1101010111010 (base 2) to base 4.
1222322
Convert -205 (base 13) to base 9.
-421
2b522 (base 13) to base 7
461353
9d6 (base 15) to base 8
4262
Convert 432 (base 8) to base 13.
189
What is 16147 (base 12) in base 8?
75107
Convert -5437 (base 11) to base 14.
-288b
10461 (base 8) to base 10
4401
What is 230 (base 10) in base 6?
1022
19b5 (base 13) to base 15
122b
Convert 13408 (base 14) to base 2.
1011100101010000
-777 (base 16) to base 7
-5400
Convert -640 (base 16) to base 15.
-71a
What is 2460 (base 15) in base 16?
1e3c
Convert 365 (base 9) to base 10.
302
14a3 (base 12) to base 15
abc
What is -1888 (base 12) in base 9?
-4075
What is -a9 (base 13) in base 15?
-94
-8358 (base 10) to base 6
-102410
Convert -222022 (base 3) to base 7.
-2033
Convert -10112 (base 3) to base 12.
-7b
254 (base 9) to base 13
133
1010000110010 (base 2) to base 15
17ea
What is 7c4 (base 14) in base 2?
11000001000
-33111 (base 10) to base 8
-100527
What is 2c (base 15) in base 9?
46
What is -360 (base 12) in base 10?
-504
What is 673 (base 12) in base 6?
4223
-178 (base 13) to base 2
-100001100
121041 (base 5) to base 12
2749
bb1 (base 12) to base 15
797
Convert 120002 (base 3) to base 2.
110010111
What is 49374 (base 10) in base 12?
246a6
Convert -12413 (base 6) to base 12.
-1109
Convert -122212000 (base 3) to base 11.
-9861
225553 (base 6) to base 11
13670
What is 122333 (base 4) in base 3?
2100222
Convert 3553 (base 6) to base 5.
11421
What is 1000112101 (base 3) in base 10?
20071
What is 149 (base 14) in base 16?
105
-22120 (base 4) to base 6
-3024
What is -68b (base 16) in base 11?
-1293
9173 (base 10) to base 14
34b3
What is -38 (base 9) in base 12?
-2b
12847 (base 13) to base 7
202123
-11000100110 (base 2) to base 6
-11142
Convert -31436 (base 7) to base 15.
-247e
-4723 (base 10) to base 11
-3604
1111020012 (base 3) to base 6
343435
2204 (base 10) to base 7
6266
31133 (base 8) to base 3
122200110
-1d28 (base 14) to base 10
-5328
Convert 2100331 (base 5) to base 3.
1202021112
Convert -200100 (base 4) to base 10.
-2064
1010000010 (base 2) to base 5
10032
-1b0b (base 14) to base 7
-20214
32775 (base 9) to base 13
9bb1
What is -1424 (base 7) in base 6?
-2325
Convert -1a005 (base 12) to base 11.
-26625
Convert -10110 (base 4) to base 3.
-101020
What is 113021 (base 7) in base 3?
1000210002
What is 133 (bas